{"id":3205,"date":"2026-04-22T10:38:03","date_gmt":"2026-04-22T08:38:03","guid":{"rendered":"https:\/\/szentbalazs.ro\/?post_type=just_event&#038;p=3205"},"modified":"2026-04-22T10:42:29","modified_gmt":"2026-04-22T08:42:29","slug":"medit-vi","status":"publish","type":"just_event","link":"https:\/\/szentbalazs.ro\/ro\/esemenyek\/medit-vi\/","title":{"rendered":"MEDIT VI"},"content":{"rendered":"<p>A 6-a edi\u021bie a Simpozionului Transilv\u0103nean de Diabetologie va avea loc \u00een perioada 19\u201321 iunie 2026, \u00een localitatea S\u00e2nv\u0103sii, jude\u021bul Mure\u0219, cu participarea medicilor speciali\u0219ti \u0219i a medicilor reziden\u021bi din Rom\u00e2nia \u0219i Ungaria. Conferin\u021ba \u0219tiin\u021bific\u0103 va avea \u00een centrul aten\u021biei aspectele neuropsihologice ale diabetului zaharat \u0219i op\u021biunile moderne de tratament, acord\u00e2nd o aten\u021bie deosebit\u0103 distresului diabetic, inova\u021biilor tehnologice (CGMS, pompe de insulin\u0103), corela\u021biilor oncologice, precum \u0219i diferitelor aspecte ale neuropatiei.<\/p><p>Programul provizoriu al evenimentului (modulele dureaz\u0103 aproximativ 4 ore):<\/p><ul class=\"wp-block-list\"><li>Modul 1: Distressul diabetic \u2013 prelegeri \u0219i workshop. Demen\u021ba la pacientul diabetic<\/li>\n\n<li>Modul 2: CGMS \u0219i pompa de insulin\u0103 \u2013 prelegeri, workshop, demonstra\u021bii interactive<\/li>\n\n<li>Modul 3: Oncologia \u0219i diabetul zaharat<\/li>\n\n<li>Modul 4: Neuropatia diabetic\u0103 \u2013 aspecte variate. Demonstra\u021bii ENG<\/li>\n\n<li>Modul 5: Practica tratamentului modern \u2013 implementarea recomand\u0103rilor actuale<\/li><\/ul><p>Evenimentul este organizat de Funda\u021bia Sf. Blasius \u00een colaborare cu Colegiul Medicilor Harghita \u0219i va fi creditat EMC.<\/p><p>Mai multe detalii \u00een cur\u00e2nd.<\/p>","protected":false},"excerpt":{"rendered":"<p>A 6-a edi\u021bie a Simpozionului Transilv\u0103nean de Diabetologie va avea loc \u00een perioada 19\u201321 iunie 2026, \u00een localitatea S\u00e2nv\u0103sii, jude\u021bul Mure\u0219, cu participarea medicilor speciali\u0219ti \u0219i a medicilor reziden\u021bi din Rom\u00e2nia \u0219i Ungaria.<\/p>\n","protected":false},"author":1,"featured_media":3161,"template":"","meta":{"_just_events_all_day":false,"_just_events_start_date":"2026-06-19 15:00:00","_just_events_end_date":"2026-06-21 14:00:00","_just_events_link":""},"event_category":[],"class_list":["post-3205","just_event","type-just_event","status-publish","has-post-thumbnail","hentry","description-off"],"_links":{"self":[{"href":"https:\/\/szentbalazs.ro\/ro\/wp-json\/wp\/v2\/just_event\/3205","targetHints":{"allow":["GET"]}}],"collection":[{"href":"https:\/\/szentbalazs.ro\/ro\/wp-json\/wp\/v2\/just_event"}],"about":[{"href":"https:\/\/szentbalazs.ro\/ro\/wp-json\/wp\/v2\/types\/just_event"}],"author":[{"embeddable":true,"href":"https:\/\/szentbalazs.ro\/ro\/wp-json\/wp\/v2\/users\/1"}],"wp:featuredmedia":[{"embeddable":true,"href":"https:\/\/szentbalazs.ro\/ro\/wp-json\/wp\/v2\/media\/3161"}],"wp:attachment":[{"href":"https:\/\/szentbalazs.ro\/ro\/wp-json\/wp\/v2\/media?parent=3205"}],"wp:term":[{"taxonomy":"event_category","embeddable":true,"href":"https:\/\/szentbalazs.ro\/ro\/wp-json\/wp\/v2\/event_category?post=3205"}],"curies":[{"name":"wp","href":"https:\/\/api.w.org\/{rel}","templated":true}]}}

<p>A 6-a ediție a Simpozionului Transilvănean de Diabetologie va avea loc în perioada 19–21 iunie 2026, în localitatea Sânvăsii, județul Mureș, cu participarea medicilor specialiști și a medicilor rezidenți din România și Ungaria. Conferința științifică va avea în centrul atenției aspectele neuropsihologice ale diabetului zaharat și opțiunile moderne de tratament, acordând o atenție deosebită distresului diabetic, inovațiilor tehnologice (CGMS, pompe de insulină), corelațiilor oncologice, precum și diferitelor aspecte ale neuropatiei.</p><p>Programul provizoriu al evenimentului (modulele durează aproximativ 4 ore):</p><ul class="wp-block-list"><li>Modul 1: Distressul diabetic – prelegeri și workshop. Demența la pacientul diabetic</li>

<li>Modul 2: CGMS și pompa de insulină – prelegeri, workshop, demonstrații interactive</li>

<li>Modul 3: Oncologia și diabetul zaharat</li>

<li>Modul 4: Neuropatia diabetică – aspecte variate. Demonstrații ENG</li>

<li>Modul 5: Practica tratamentului modern – implementarea recomandărilor actuale</li></ul><p>Evenimentul este organizat de Fundația Sf. Blasius în colaborare cu Colegiul Medicilor Harghita și va fi creditat EMC.</p><p>Mai multe detalii în curând.</p>

<p>A 6-a ediție a Simpozionului Transilvănean de Diabetologie va avea loc în perioada 19–21 iunie 2026, în localitatea Sânvăsii, județul Mureș, cu participarea medicilor specialiști și a medicilor rezidenți din România și Ungaria.</p>
